+ 2593. Determine f(-84).
-11
Let j(k) = 342*k**2 + 2054*k + 6. Give j(-6).
-6
Let h(l) = 901*l + 3601. What is h(-4)?
-3
Let i(h) = -h**3 + 38*h**2 - 171*h + 94. Give i(33).
-104
Let q(a) = 74*a**2 - 69*a - 138. Determine q(-2).
296
Let f(v) = -193*v - 1153. Calculate f(-9).
584
Let r(z) = -z**3 - 2*z**2 + 59*z - 187. Calculate r(-10).
23
Let x(s) = s**3 + 3*s**2 + 66*s - 155. What is x(2)?
-3
Let k(d) = d**3 + 27*d**2 + 49*d - 65. What is k(-25)?
-40
Let o(j) = j**2 - 57*j + 618. Give o(13).
46
Let a(j) = 40*j + 3. What is a(-4)?
-157
Let o(q) = 46*q - 236. Determine o(8).
132
Let r(v) = 180*v + 16022. Determine r(-89).
2
Let m(a) = -33*a - 977. Calculate m(-30).
13
Let w(k) = 2*k**3 + 11*k**2 - 35*k - 5. What is w(6)?
613
Let y(o) = -21*o**2 + 5*o - 4. Give y(1).
-20
Let a(h) = -56*h**2 - 11*h - 7. Give a(-2).
-209
Let w(g) = g**3 - 3*g**2 - 98*g + 5. Determine w(7).
-485
Let p(u) = 5*u**3 - 10*u**2 + 133*u - 532. Give p(4).
160
Let s(k) = -6*k**2 - 792*k - 2378. Determine s(-3).
-56
Let o(i) = 12*i**3 - 2*i**2 - 201*i + 203. Give o(1).
12
Let a(k) = -k**3 + 19*k**2 - 77*k + 641. Calculate a(17).
-90
Let w(y) = 3*y**3 - 11*y**2 - 5*y + 11. What is w(5)?
86
Let q(o) = -114*o - 1753. What is q(-16)?
71
Let p(b) = -b**3 - 20*b**2 - 31*b + 18. Calculate p(-18).
-72
Let r(h) = -h**3 - 19*h**2 + 28*h + 16. Determine r(-20).
-144
Let p(c) = 4*c**3 + 103*c**2 - 26*c + 15. Give p(-26).
15
Let b(v) = 8*v**2 + 23*v - 2. What is b(0)?
-2
Let p(s) = -804*s + 5618. Calculate p(7).
-10
Let d(j) = j**2 - 28*j - 100. Determine d(32).
28
Let a(o) = -280*o - 8122. Calculate a(-29).
-2
Let f(w) = 4*w**3 + 337*w**2 + 85*w + 11. Calculate f(-84).
-73
Let w(s) = -2*s**3 - 71*s**2 - 36*s - 6. Give w(-35).
29
Let s(z) = -2*z**2 - z + 32. Determine s(-5).
-13
Let b(c) = 4*c**3 + 7*c**2 - 2*c + 4. Determine b(0).
4
Let o(t) = 2*t**3 - 18*t**2 + 19*t + 33. Give o(7).
-30
Let a(d) = 175*d + 1377. Give a(-8).
-23
Let y(t) = t**2 - 121*t + 1982. What is y(20)?
-38
Let y(g) = -2*g**2 - 52*g - 195. Give y(-4).
-19
Let z(o) = -o**2 - 206*o - 1236. Give z(-6).
-36
Let i(h) = -13*h + 76. What is i(12)?
-80
Let s(d) = -4*d**2 + 180*d + 151. Determine s(46).
-33
Let i(v) = -43*v + 105. What is i(2)?
19
Let l(n) = 5*n - 98. Determine l(23).
17
Let z(f) = -360*f**2 - 6*f + 7. Determine z(1).
-359
Let c(w) = -w**2 - 20*w + 26. What is c(0)?
26
Let i(v) = 5*v - 38. Calculate i(3).
-23
Let f(v) = 8*v**2 + 38*v + 9. Give f(-4).
-15
Let x(c) = -236*c**2 - 9666*c + 405. What is x(-41)?
-5
Let t(p) = p**2 - 21*p - 211. Calculate t(28).
-15
Let o(n) = -n**3 + 10*n**2 + 76*n - 408. What is o(4)?
-8
Let z(h) = 5*h - 62. What is z(7)?
-27
Let v(b) = 4459*b - 8. Give v(0).
-8
Let u(o) = -60*o**2 - 4*o - 6. Calculate u(-2).
-238
Let q(k) = -4*k**2 + 22*k + 29. Give q(12).
-283
Let c(w) = 12*w**2 - 72*w + 7. What is c(6)?
7
Let g(i) = -164*i - 1796. Give g(-11).
8
Let c(l) = 2*l**3 - 71*l**2 - 301*l - 2365. What is c(40)?
-5
Let z(t) = 6*t**2 + 65*t + 167. Determine z(-4).
3
Let r(n) = 13*n**2 + 36*n + 37. Calculate r(-6).
289
Let a(n) = 21*n + 520. Calculate a(-23).
37
Let i(n) = 61*n - 610. What is i(9)?
-61
Let y(g) = -10*g**2 + 500*g + 17. Determine y(50).
17
Let t(f) = 2*f**2 - 16*f - 43. Determine t(10).
-3
Let l(t) = -143*t - 1174. Calculate l(-7).
-173
Let l(g) = -g**2 + 30*g + 1719. Give l(-29).
8
Let l(h) = h**3 + 37*h**2 + 141*h - 8. Calculate l(-4).
-44
Let d(q) = q**3 - 15*q**2 + 37*q - 9. What is d(8)?
-161
Let j(t) = t**2 - 9*t - 65. What is j(13)?
-13
Let h(b) = -1673*b + 21751. What is h(13)?
2
Let c(f) = 181*f + 905. Determine c(-5).
0
Let o(i) = -2*i + 133. Give o(4).
125
Let k(r) = -r**3 - 14*r**2 + 81*r + 506. Give k(-17).
-4
Let c(j) = -3757*j - 15012. Calculate c(-4).
16
Let t(r) = -8*r**2 + 25*r + 128. Determine t(-5).
-197
Let t(m) = -20*m**3 - 17*m + 27. Give t(2).
-167
Let b(o) = 1334*o - 1380. Calculate b(1).
-46
Let p(r) = -30*r + 476. Determine p(16).
-4
Let q(u) = u**3 + 7*u**2 - 10*u. Determine q(-8).
16
Let r(s) = 11*s**2 + 6*s - 4. What is r(-4)?
148
Let c(q) = -81*q**2 - 2*q + 10. What is c(-3)?
-713
Let u(x) = 40*x**3 + 13*x**2 - 25*x + 8. Determine u(2).
330
Let f(w) = w**2 - 27*w - 38. Give f(10).
-208
Let r(z) = 13*z - 216. Give r(24).
96
Let j(l) = -125*l - 33. Give j(0).
-33
Let k(o) = -o**3 - 66*o**2 + 73*o + 397. What is k(-67)?
-5
Let n(h) = -433*h + 5677. What is n(13)?
48
Let g(s) = 336*s - 3867. What is g(12)?
165
Let r(s) = s**3 + 13*s**2 + 30*s + 112. What is r(-11)?
24
Let m(d) = -d**3 + 33*d**2 - 68*d + 1189. What is m(32)?
37
Let j(f) = -2*f**3 - 15*f**2 - 86*f - 37. Give j(-7).
516
Let v(b) = 223*b + 470. Give v(-2).
24
Let o(g) = -21*g + 1081. Give o(51).
10
Let x(q) = 490*q**2 - 2453*q + 4. Determine x(5).
-11
Let o(d) = -12*d**2 - 35*d + 101. Calculate o(4).
-231
Let m(v) = -1216*v + 4862. What is m(4)?
-2
Let o(i) = -2*i**3 - 6*i**2 + 23*i + 56. Give o(-4).
-4
Let k(x) = x**3 - 59*x**2 + 111*x + 69. What is k(57)?
-102
Let d(z) = 59*z - 276. What is d(5)?
19
Let m(q) = -q**2 + 248*q + 4243. Determine m(-16).
19
Let n(p) = p**3 + 64*p**2 - 64*p - 98. Determine n(-65).
-163
Let i(r) = -9*r**2 - 197*r - 630. Give i(-18).
0
Let t(h) = h**2 - 53*h - 101. Determine t(54).
-47
Let n(t) = 27*t**2 + 7*t - 7. Calculate n(1).
27
Let t(x) = -5*x**3 - x**2 - 134*x + 9. What is t(0)?
9
Let v(a) = 275*a**3 - 2*a**2 - a. Give v(-1).
-276
Let t(p) = -p**2 - 5*p + 20. What is t(8)?
-84
Let a(h) = 6*h**2 - 132*h - 53. Give a(22).
-53
Let y(h) = 4*h**3 - 34*h + 68. What is y(2)?
32
Let y(i) = 545*i + 2517. Calculate y(-5).
-208
Let x(c) = -c**3 + 16*c**2 - 13*c - 73. Calculate x(14).
137
Let u(z) = z**3 - 19*z**2 - 76*z - 359. What is u(23)?
9
Let m(k) = -k**3 - 20*k**2 - 35*k + 81. What is m(-18)?
63
Let o(z) = 3*z**3 - 103*z**2 - 113*z + 1507. Give o(35).
2
Let w(y) = 138*y - 14512. Determine w(105).
-22
Let j(z) = -101*z**2 - 154*z - 154. What is j(-1)?
-101
Let v(x) = x**3 + 17*x**2 - 72*x - 862. Give v(-6).
-34
Let w(g) = -63*g**2 + 25*g + 55. Determine w(-2).
-247
Let t(v) = -42*v + 306. Determine t(14).
-282
Let y(o) = 21*o**2 + 11*o - 383. Determine y(4).
-3
Let w(c) = -3*c**2 + 22*c + 42. What is w(9)?
-3
Let g(c) = -13*c - 78. Determine g(-12).
78
Let w(m) = m**3 - m**2 - 7*m + 8. Determine w(2).
-2
Let i(u) = -145*u - 2308. Determine i(-19).
447
Let b(l) = -l**3 - 2*l**2 + 43*l + 129. Determine b(7).
-11
Let q(o) = o**3 + 38*o**2 + 193*o + 14. Give q(-6).
8
Let f(h) = -10*h**2 + 23*h - 2. Calculate f(3).
-23
Let y(a) = -3397*a + 3401. Calculate y(1).
4
Let a(c) = 2*c**2 - 53*c + 196. Determine a(21).
-35
Let d(o) = 10193*o + 224254. Determine d(-22).
8
Let x(b) = b**2 + 88*b + 971. What is x(-75)?
-4
Let d(y) = y**2 + 43*y - 27. Calculate d(-34).
-333
Let l(q) = -72*q + 213. Give l(-4).
501
Let i(k) = 9*k - 16. What is i(-25)?
-241
Let k(h) = 2*h**2 - 13*h - 26. What is k(0)?
-26
Let t(a) = a**2 + 1311*a - 15881. What is t(12)?
-5
Let z(k) = -k**2 + 150*k + 9994. Determine z(-50).
-6
Let z(s) = s**3 + 116*s**2 + 337*s - 259. What is z(-113)?
-33
Let n(q) = -q**2 - 86*q + 554. Determine n(6).
2
Let p(h) = -214*h - 1285. Give p(-6).
-1
Let p(y) = y**2 + 45*y + 259. What is p(-36)?
-65
Let c(f) = 2*f**3 - 2*f**2 - 415*f - 18. What is c(15)?
57
Let p(f) = 2*f**2 + 88*f + 200. Give p(-42).
32
Let l(a) = a**3 + 3*a**2 - 130*a - 394. Give l(-3).
-4
Let u(i) = 2*i**3 + 21*i**2 + 5*i - 40. Calculate u(-10).
10
Let h(b) = 4*b**2 - 2559*b + 12758. What is h(5)?
63
Let r(a) = a**2 + 715*a - 2838. What is r(4)?
38
Let f(q) = -14*q**2 - 8*q + 70. Determine f(0).
70
Let u(n) = -2*n**3 + 27*n**2 - 90*n + 1. Give u(6).
1
Let x(j) = 575*j**3 - j**2 - 4*j - 1. Calculate x(-1).
-573
Let r(y) = 2*y**3 - 35*y**2 - 22*y + 81. Give r(18).
9
Let g(i) = i**3 + 70*i**2 + 103*i - 2247. What is g(-68)?
-3
Let b(k) = 7*k**2 + 612*k - 326. Give b(-88).
26
Let s(y) = y**3 + 11*y**2 - 24*y - 143. Calculate s(-12).
1
Let z(g) = 2*g**2 + 6*g + 9. Determine z(-4).
17
Let z(u) = -u**3 - 23*u**2 - 91*u - 59. What is z(-18)?
-41
Let o(n) = -55*n + 164. What is o(3)?
-1
Let f(n) = -n**2 - 156*n + 613. Calculate f(4).
-27
Let b(i) = i**3 + 64*i**2 - 223*i - 1009. Calculate b(-67).
465
Let x(l) = 2*l**2 + 5*l + 22. Calculate x(6).
124
Let z(f) = -9*f**2 - 335*f + 94. Determine z(-38